 c?
1451
Let d(o) = -4*o**2 - 26*o + 9. Let t(u) = -3*u**2 - 25*u + 5. Let m(s) = 4*d(s) - 5*t(s). Let p = -6 - -22. What are the prime factors of m(p)?
7, 13
Suppose -5*a + 9*c + 33083 = 8*c, 0 = a - 4*c - 6628. What are the prime factors of a?
2, 827
Let l(i) = -6*i + 1. Let f be l(-3). Suppose -29*q = -f*q - 4170. List the prime factors of q.
3, 139
Suppose -1170 + 4020 = 5*d. Suppose -3*b + 2190 - d = 0. List the prime factors of b.
2, 3, 5
Suppose 11812 = 47*l - 9761. List the prime factors of l.
3, 17
Let j(r) = -r - 16. Suppose -70 = 5*i - 0*i. Let l be j(i). List the prime factors of (-26)/(-4) - 1/l.
7
Let n(b) = 5*b**2 + 24*b - 53. What are the prime factors of n(-28)?
3, 5, 71
Suppose -2328 = 6*d - 0*d. Let j = d + 550. List the prime factors of j.
2, 3
Let r be ((-4)/12)/(4/192). Let w(z) = 6*z**2 + 25*z + 30. What are the prime factors of w(r)?
2, 11, 53
Let n = 68185 - 45324. List the prime factors of n.
22861
Suppose -23*q - 57*q + 1029888 = 112*q. What are the prime factors of q?
2, 3, 149
Let y = 294 - 155. Suppose 2*l - 418 = -4*i, -l + 217 = -i + 8. Let s = l - y. List the prime factors of s.
2, 5, 7
Suppose -631297 + 2896750 = 98*s + 85051. What are the prime factors of s?
19, 1171
Suppose 0 = -68*m + 126 + 146. Suppose 283 = 2*t + 9. Suppose -m*q + 163 + t = 0. List the prime factors of q.
3, 5
Let k = -12112 + 25947. What are the prime factors of k?
5, 2767
Suppose 15*i - 8*i - 11725 = 0. Suppose -5*w + i = 4*g, 95 = 4*w - 4*g - 1245. List the prime factors of w.
5, 67
Suppose -412 = -3*f - 100. Suppose 2*r + 3*t + 19 - f = 0, 185 = 5*r + 2*t. What are the prime factors of ((-48)/(-15) - 3) + 2933/r?
2, 3, 7
Suppose -10*r - u - 90582 + 310975 = 0, 5*r = u + 110192. What are the prime factors of r?
22039
What are the prime factors of 169706/12 - ((-375)/(-90) - (-1 + 5))?
2, 3, 2357
Let i(r) = 125*r + 230. List the prime factors of i(22).
2, 5, 149
Let f(c) = 303*c**2 - 24*c - 14. What are the prime factors of f(5)?
7, 1063
Let b(l) be the third derivative of -13*l**4/24 + 4*l**3/3 - 7*l**2. Let y = 50 - 52. What are the prime factors of b(y)?
2, 17
Let j = -2166 - -3770. Suppose 11*l - 2796 = j. What are the prime factors of l?
2, 5
Suppose 12*y - 41 - 19 = 0. Suppose -y*m + 14 = 3*t - m, m + 8 = 5*t. Suppose -3*p - 4 = t, c + 4*p - 75 = 0. What are the prime factors of c?
83
Let w(k) = -k**2 - 12*k + 11. Suppose -71 - 13 = -2*o. Let j = 30 - o. List the prime factors of w(j).
11
Suppose 111*v + 60 = 116*v. Suppose 4*d + 4*c + v = -c, -3*c = 2*d + 8. Suppose 4*m - 184 = -s + 13, s = -d*m + 189. What are the prime factors of s?
181
List the prime factors of ((-25561)/(-15))/(81/1215).
25561
Suppose 3*n = 5*q - 0*q - 2332, -2*q + 5*n + 929 = 0. Let b = q + -251. What are the prime factors of b?
2, 3
Suppose 128*x - 1149250 - 2702814 = 31*x. What are the prime factors of x?
2, 17, 73
Suppose 89*i - 703985 = 12*i + 600780. List the prime factors of i.
5, 3389
Suppose 544855 + 505610 + 6544042 = 383*x. What are the prime factors of x?
79, 251
Let u(r) = r**3 - 40*r**2 - 22*r + 143. What are the prime factors of u(44)?
11, 17, 37
What are the prime factors of (-4)/(-1) - 768/16*-605?
2, 53, 137
Let x(m) = -303*m + 8694. What are the prime factors of x(-97)?
3, 5, 2539
Suppose -5*p = -x - 11, 2*x + 4 = 5*p - 3. Suppose d = p*q - 5, 2*q + d = -4*d + 26. List the prime factors of q*6 - 3/(-3)*1.
19
Let v = 12334 + -4906. List the prime factors of v.
2, 3, 619
Suppose -3*u - 42240 = -6*u - 3*u. List the prime factors of u.
2, 5, 11
Let j(c) = 4*c - 30. Let r be j(13). Suppose -2*z - 49 = -5*q, 4*q - 4*z - 10 = r. Suppose -7*h + 88 = q. List the prime factors of h.
11
Let o = -38 + 41. Let x be (3/4)/(52/16 - o). Suppose x*v - m + 18 = 154, 3*m - 177 = -4*v. What are the prime factors of v?
3, 5
Suppose 2*z + 13*m = 9*m, -4*z - 2*m = 24. What are the prime factors of -5 + 1/z + (-978)/(-16)?
2, 7
Suppose 76921 - 6893 = 45*o - 17*o. List the prime factors of o.
41, 61
Suppose -1205 = -19*r + 11. Let g = 72 + r. List the prime factors of g.
2, 17
Suppose -5*y + 602 - 482 = 0. Suppose -31*a = -y*a - 5523. List the prime factors of a.
3, 263
Let j(p) = 3177*p**3 - 42*p**2 + 83*p - 2. What are the prime factors of j(2)?
2, 6353
Suppose 50*r = -18*r + 22*r + 970876. List the prime factors of r.
2, 61, 173
Let k(m) = m**3 - 16*m**2 - 7*m + 2. Let l be k(7). Let i = l - -1140. Suppose -35*r = -31*r - i. What are the prime factors of r?
163
Let u = 411 + -394. Suppose -12*a + 5*w = -u*a + 390, -9 = -3*w. What are the prime factors of a?
3, 5
Let x = -174 + 370. Suppose 2*w = -b + 866 - x, -2*w + 686 = -3*b. What are the prime factors of w?
337
Let o(p) = 6*p + 117. Let v be o(-19). Suppose -3*b = 2*q - 1485, -v*b = -6*b - 5*q + 1485. What are the prime factors of b?
3, 5, 11
Let k = 1189 + -553. Suppose -4235 = k*x - 643*x. List the prime factors of x.
5, 11
Suppose -178962 = 41*s + 18*s - 1391058. What are the prime factors of s?
2, 3, 107
Let j(o) = -30*o - 240. What are the prime factors of j(-35)?
2, 3, 5
Let d be (923 - -41)/((-48)/(-21) - 2). Suppose -7*z = -d - 5838. List the prime factors of z.
2, 7, 47
Let s = -7360 + 11672. Suppose -5*f + s = 9*f. What are the prime factors of f?
2, 7, 11
Let p be (240/132)/(-10) + 62/(-22). Let x(h) = -44*h**3 - 2*h**2 - h - 4. What are the prime factors of x(p)?
7, 167
Suppose 4*h = -j + 2 + 6, -3*h = 3*j - 15. Let b be 4 + h*(4 + -4). List the prime factors of -3 - (242/(-3) + b/(-3)).
79
Let c(k) = 35*k**2 - 6*k + 26. Let j be c(9). Suppose -2*z - j = -3*x + 2*z, 3*x = 3*z + 2802. What are the prime factors of x?
929
Let i(c) = -c**3 + 15*c**2 - 14*c. Let x be i(14). Let w(b) = 23 + 7 - b + 0 + 3*b. List the prime factors of w(x).
2, 3, 5
Let y be (-7070)/(-15) - (-25)/15. Suppose f + 10*f - y = 0. What are the prime factors of f?
43
Let v(f) be the second derivative of 7/3*f**4 + 0 + 31*f - 7/2*f**2 - 1/6*f**3. List the prime factors of v(-2).
107
Let q be 4/(-10) - (-432)/80. List the prime factors of (-9)/(q - 6)*19.
3, 19
List the prime factors of 28/21 - 9321292/(-177).
2, 29, 227
Let i(w) = 5*w**2 + 5*w - 69. Let v be i(-16). Suppose -1133*j = -v*j - 2092. What are the prime factors of j?
2, 523
List the prime factors of (163/2)/(55/4510).
41, 163
Let d(c) = 131*c - 98. Let u be d(7). Suppose u = s + 2*w, -2*s + 2*w = -s - 839. List the prime factors of s.
829
Let g(f) = f**3 - 35*f**2 - 3. Let o be g(35). List the prime factors of (1932/(-16) - o)*(-4 - 0).
3, 157
Let u(c) = 380*c**3 + 125*c**2 - 11*c + 13. List the prime factors of u(6).
7, 47, 263
Suppose -v + 18864 = 2*x, -x = -0*x - 4*v - 9414. List the prime factors of x.
2, 5, 23, 41
Suppose 0 = -3*u + 86 - 74. Suppose -u*f + 2*h = -1394, -1397 = -4*f + h + 2*h. What are the prime factors of f?
347
Let k = -126 + 126. Suppose -y + 5*r = -489, -2*y - 3*r + 13 + 1030 = k. List the prime factors of y.
2, 257
Let d(r) = -7*r - 67. Let t be d(-10). Suppose 0 = -3*s + 5*q + 371, 9 = -t*q - 3. List the prime factors of s.
3, 13
Let t(r) = -5*r**2 + 39*r + 8. Let f be t(-13). Let o = f - -2523. List the prime factors of o.
3, 131
Let o = 59 - 45. Suppose o*b - 17*b + 228 = 0. What are the prime factors of b?
2, 19
Let x be (18 + -8)*(2 - 0). Suppose -4*y - y = -x. List the prime factors of (-248 + 4)/(-4) - y.
3, 19
Let g(j) be the second derivative of -j**3 - 29*j**2/2 + 8*j. Let f be g(-10). Suppose -5 = -9*u + f. What are the prime factors of u?
2
Let t(u) = 2001*u + 4346. List the prime factors of t(5).
113, 127
Suppose 5*o + 3*p + 5050 = 0, -o + 0*o - 2*p - 1003 = 0. Let f = -571 - o. What are the prime factors of f?
2, 13, 17
Let i = 9244 + 431. Suppose -11*v - 4*v + i = 0. What are the prime factors of v?
3, 5, 43
Let r be 764/(-8)*(-11)/((-11)/(-12)). Let a = r - 367. Suppose a = -2*c + 5*c + 2*t, 1048 = 4*c - 2*t. List the prime factors of c.
3, 29
Suppose -30 = -6*v - 0. Suppose 122 = 2*x - 4*l - 118, -4*l + 656 = v*x. What are the prime factors of 236*(-8)/(x/(-12))?
3, 59
Suppose -2*n - v + 29048 = -1979, -77605 = -5*n + 5*v. What are the prime factors of n?
2, 3, 431
Let o(c) = c**3 + 7*c**2 - 3*c + 10. Let l(w) = w**2 - 2*w + 13. Let h be l(5). Suppose 6*a + h = 4. List the prime factors of o(a).
2, 5, 7
Let b be ((-31)/